Calculate the greatest common divisor of n and v.
7
Suppose -2 = -n + 4*w, 8 = -n + 5*n + 3*w. Calculate the greatest common factor of 1 and n.
1
Let a be 8/(2 + (-12)/8). What is the highest common factor of a and 2?
2
Suppose 2*s = -0*s. Let d be s + (-2 - 102/(-1)). Suppose -5*w - 120 = -2*y - 3*w, 2*y + 3*w = d. Calculate the greatest common factor of 7 and y.
7
Let l = -47 - -84. Let x = l - 9. What is the highest common factor of x and 70?
14
Let p be (-1790)/(-40) - 2/(-8). Calculate the highest common divisor of p and 18.
9
Let f = -33 + 48. What is the greatest common divisor of f and 105?
15
Suppose -4*n + 7*n - 4*s = 88, s = 3*n - 76. Calculate the greatest common factor of 3 and n.
3
Suppose 2*w - 17 = 11. Let j = 101 + -183. Let n = j + 117. What is the greatest common divisor of w and n?
7
Let g be (-2 + 3)*(2 - -2). Let c be (-2 + 2 + -2)*-4. Calculate the greatest common divisor of c and g.
4
Let q = 127 - -65. Let z(p) = -p**3 - 10*p**2 - 11*p + 6. Let w be z(-9). Calculate the highest common factor of q and w.
24
Suppose g + 5 = 3. Let l be g/1*(-24)/6. What is the greatest common factor of l and 8?
8
Suppose -4*o + 7*o - 36 = 0. Let m(t) = t**2 - 10*t + 15. Let i be m(o). Calculate the highest common factor of i and 13.
13
Suppose 2*a - 5*n - 71 = 0, -5*a + 78 = -2*a + 2*n. Calculate the highest common factor of a and 4.
4
Let k be -4 - -10 - (-2 - -4). Suppose -5*r = 3*c - 51 - 49, k*c - r - 164 = 0. What is the greatest common factor of 10 and c?
10
Let b(q) = q + 10. Let c be b(0). Let w(l) = 4*l - 3. Let i = 10 - 8. Let k be w(i). What is the greatest common factor of k and c?
5
Let b be ((-88)/14 - -2)*-7. Suppose -9*f + 14*f - b = 0. Calculate the highest common factor of 4 and f.
2
Suppose -l = 4*l. Suppose l*i - 104 = -4*i. Let b = -69 - -134. Calculate the greatest common factor of i and b.
13
Let i(g) = g**2 - 3*g - 2. Let j be i(2). Let b = j - -8. What is the greatest common factor of 44 and b?
4
Suppose 0 = b + p - 2, 0 = b - 6*b - 4*p + 10. Suppose -b*h = 6, -3*u + u + 4*h + 28 = 0. What is the highest common factor of 24 and u?
8
Let x = 1 - -12. Calculate the greatest common divisor of 143 and x.
13
Let r = 81 + -25. Suppose -4*q = -0*q - r. Let u = 41 + -6. What is the greatest common divisor of q and u?
7
Suppose 3*q + 2*q + 6 = 2*j, 9 = 5*q + 3*j. Suppose 0*c + 2*c - 24 = q. Calculate the highest common divisor of 24 and c.
12
Suppose -68 = -s + i, 7 = 4*i - 1. What is the greatest common divisor of s and 14?
14
Suppose -3*h = -33 + 9. What is the greatest common divisor of h and 16?
8
Let g(y) = y**2 - 9. Suppose 0*x + 7 = -x. Let h be g(x). Suppose -2*v = -0*v - h. What is the highest common divisor of 40 and v?
20
Let f(k) = -k**3 - 3*k**2 + 11*k - 14. Let s be f(-7). What is the highest common factor of 21 and s?
21
Let l = 4 - 4. Suppose l*h + h = 50. Suppose -20 = -2*t - 0. Calculate the highest common factor of h and t.
10
Let v(d) = -d**3 + 6*d**2 + 2*d + 3. Let g be (-1)/(10/12 + -1). Let l be v(g). What is the greatest common factor of l and 15?
15
Suppose 0 = 2*i + 1 - 25. Suppose r = 3*a - 7, -3*r - 2*r = 2*a - 16. Suppose -a*c + 31 = -23. Calculate the highest common factor of i and c.
6
Let l = 10 - 15. Let w = l + 15. Calculate the highest common factor of 70 and w.
10
Suppose -3*h + 20 = h. Suppose -2*b = -4*o - 12 - 10, 34 = h*b - 3*o. What is the greatest common divisor of b and 55?
5
Let x be 1 - (0 - (-8)/(-2)). Let y be (-4)/(-1) + -1 + -3. Suppose 3*r + f - 5 = y, -x*r + 4*f = -5 - 9. Calculate the highest common divisor of 2 and r.
2
Suppose 3*y = -0*y. Suppose -1 = 4*i - 5*j, y*j = i - 3*j + 9. Suppose -i*u = -3*u - 30. Calculate the greatest common divisor of u and 90.
10
Suppose b = -5*k + 208 - 23, -3*b = 4*k - 137. Calculate the greatest common factor of 95 and k.
19
Let q be 1*7*2/7. Suppose 0 = -p - q*p + 114. Calculate the highest common factor of p and 95.
19
Let b be 0*(5/2)/(-5). Suppose 4*v - 5*k - 39 = b, -2*v + 15 = 3*k - 4*k. Let o(d) = 2*d + 1. Let t be o(v). Calculate the highest common factor of 104 and t.
13
Suppose -j + 208 = -4*x, -5*j + 3*x + 944 = 7*x. What is the greatest common factor of 24 and j?
24
Let r be (-24)/7*35/(-10). Calculate the greatest common divisor of 132 and r.
12
Let m(v) = 15*v. Let i be m(-5). Suppose 0*j = 5*j - z + 225, 0 = 4*j - 5*z + 180. Let c = j - i. What is the highest common factor of 10 and c?
10
Suppose -2*l - 28 = 2*l. Let q = l - -14. Calculate the highest common divisor of 63 and q.
7
Let u be 1/((-1)/(-3) + 0). Suppose 0 = u*b, -2*b - 3*b + 32 = 4*d. What is the greatest common divisor of d and 8?
8
Let i(x) = 7*x - 2. Let t(w) = 50*w - 15. Let z(q) = 15*i(q) - 2*t(q). Let v be z(1). Calculate the highest common factor of v and 20.
5
Suppose -6 = -3*j - 0. Suppose 2*r - 50 = -j*a, 3*a = 4*r + 20 - 155. Calculate the greatest common factor of r and 75.
15
Let m be -1 - -2 - 4/(-2). Suppose m*o = 0, -5*o + 2*o + 51 = 3*n. What is the greatest common divisor of n and 17?
17
Suppose 90 = 2*g + 3*g. Suppose 474 = 4*y - y. Suppose 94 + y = 2*w. Calculate the highest common divisor of g and w.
18
Let n(z) = -27*z - 9. Let p be n(-5). What is the highest common factor of 14 and p?
14
Let a be 7 - 5 - 7*-14. Calculate the greatest common factor of 25 and a.
25
Suppose 5*i = 2*n + 2*n - 11, 0 = -3*n - i + 32. Let x = 37 - n. What is the highest common divisor of x and 4?
4
Suppose -4*q = -3*q. Suppose 2*f - 3*f + 11 = q. Suppose 0 = -3*j - 12 + 144. What is the greatest common factor of f and j?
11
Let v be (-20)/3*1638/(-35). Let n = v + -158. What is the greatest common divisor of 22 and n?
22
Suppose -2*b + 4 = -4. Calculate the highest common divisor of b and 12.
4
Let d be (2 - 2)*2/2. Suppose 2*s = -d*s. Suppose s*j - j = -12. What is the highest common factor of 132 and j?
12
Suppose 3*r = -3*c + 24, 3*r = c + 2*c. Let l be 5 + -2 - (-6 - -6). Let g be 16 + l/3 + 3. What is the greatest common factor of r and g?
4
Let v be (-1)/2 - (-92)/(-8). Let f = 48 - v. Calculate the greatest common divisor of f and 24.
12
Let l = -3 - 3. Let o be 4/(-6) - 22/l. Suppose h - o*h = -38. What is the highest common divisor of h and 76?
19
Let f = 1 - -23. Let n = 19 - 7. Calculate the highest common divisor of f and n.
12
Suppose 0*t = t. Suppose 5*j = 4*q + 237, t = 6*q - 2*q + 2*j + 258. Let u be (-2)/(-5) + q/(-5). Calculate the highest common divisor of 117 and u.
13
Suppose -2*z + 3*q = -4, 4*z - q = -4*q + 44. Suppose -18 + 80 = h. Suppose 2*x - h - 50 = 0. What is the greatest common divisor of x and z?
8
Suppose 4*w = -q + 28, -2*w - 74 - 32 = -2*q. What is the greatest common divisor of 24 and q?
24
Let i = -78 - -122. What is the greatest common factor of 11 and i?
11
Let u(z) = -z - 1. Let s be u(-7). Suppose -3*a = -s*a + 18. What is the highest common divisor of 4 and a?
2
Let k = 7 - 5. Suppose p = k + 5. What is the highest common factor of p and 63?
7
Suppose -4*x + 8 = 4*s, s + 8 = 2*s - 2*x. Suppose 4*n + n + 328 = s*m, -5*m = -n - 389. Calculate the highest common factor of 11 and m.
11
Let v(q) = -q**3 - 2*q**2 + q + 2. Let i = -8 - -5. Let l be v(i). Suppose l*p = 3*p + 40. What is the highest common divisor of p and 32?
8
Suppose 0 = 4*n - 2*n - 128. Calculate the highest common divisor of n and 16.
16
Suppose 4*r - p - 35 = 0, 9 = r - p + 1. What is the greatest common factor of r and 36?
9
Let i = -3 - -13. Calculate the greatest common divisor of 25 and i.
5
Suppose -3*j + 333 = 3*v, -v + 0*v = -2*j - 114. Calculate the highest common divisor of 14 and v.
14
Suppose 0 = 4*y - 4*h - 32, -5*y - 6*h = -h. Let a be 2 - -1 - -1*y. Calculate the greatest common divisor of 77 and a.
7
Let d = 167 - 77. Let w be (-154)/3 - 1/(-3). Let v = d + w. Calculate the greatest common divisor of 13 and v.
13
Let f = -33 - -84. Calculate the greatest common factor of 102 and f.
51
Let r be 8/(-3)*(-81)/6. Calculate the greatest common factor of 4 and r.
4
Suppose 0 = -6*f + 63 + 33. Calculate the highest common divisor of 16 and f.
16
Suppose -5*n = -5*v + 5, 4*n + 2 = -3*v + 19. Calculate the highest common divisor of 8 and n.
2
Suppose -y + 2*y - 4 = 0. Suppose s - y = 6. Calculate the greatest common divisor of s and 15.
5
Suppo